92/(-12)*s/8?
1
Let v be -2 + 0 + (-8 - -6). Let y(n) = -n**3 - 3*n**2 + 4*n. Let k be y(v). Suppose a + h - 36 = k, -3*a + h + 53 = -55. What is the units digit of a?
6
Suppose 0 = 4*j - 14482 + 270. Let q be 9/(-54) - j/(-6). Suppose 0 = 4*r + 4*r - q. What is the tens digit of r?
7
Let g be 10/(-4)*6/(-5). Suppose a + 30 = -2*a + g*w, w - 34 = 5*a. Let u = a + 9. What is the units digit of u?
3
Let y = -167 + -19. Let r = y - -317. What is the tens digit of r?
3
Suppose 0 = 2*t - 96 - 350. What is the units digit of t?
3
Let c(q) = -86*q + 44. Let m be c(-6). Suppose -m = 5*k - 10*k. What is the units digit of k?
2
Let k = -578 + 952. What is the units digit of k?
4
Let z = -154 - -288. What is the units digit of z?
4
Suppose -22*t + 21*t - 54 = 0. What is the tens digit of (11 + -5)*t/(-4)?
8
Let x = 2097 - 1494. What is the units digit of x?
3
Suppose 0 = f + 2*z + 228, f + 4*z = z - 224. Let v = f - -402. What is the hundreds digit of v?
1
Let p(v) = v**3 + 6*v**2 - 8*v - 11. Let m be p(-7). Let a(b) = -b**3 - b**2 - b + 4. What is the tens digit of a(m)?
5
Let k be 48/36 + 51/9. Suppose g = 2 + k. What is the units digit of g?
9
Let v(k) = 3*k - 1. Let y(w) = w**2 + 7*w - 9. Let o(t) = -3*t**2 - 7*t - 3. Let u be o(-3). Let r be y(u). What is the tens digit of v(r)?
2
Let y = 589 + -398. What is the hundreds digit of y?
1
Let r(t) = t**3 + 5*t**2 - 7*t - 6. Suppose -4*p + 15 = 3. Let q be -2 - (p + 3)/2. What is the tens digit of r(q)?
2
Suppose 5*w = -1 + 21. Let m = w - 6. What is the tens digit of 9/m*(-13 - -5)?
3
Suppose k - 4*k + 74 = -w, 5*k - 5*w - 140 = 0. Suppose -5*o + 42 = -k. What is the tens digit of o?
1
Let v(a) = a**2 + 3*a - 75. What is the tens digit of v(-14)?
7
Let k be ((-44)/16 + 3)*8. Suppose h + k = -3. What is the tens digit of -1*11/(h + 4)?
1
Let m = -23 - -16. Let b(f) be the third derivative of f**5/30 + 11*f**4/24 + 5*f**3/6 - 2*f**2. What is the units digit of b(m)?
6
Let l(z) = -28*z + 10. Let p(a) = -1. Let k(q) = l(q) + 2*p(q). What is the units digit of k(-4)?
0
Suppose -4*g - 71*g + 166200 = 0. What is the thousands digit of g?
2
Let p = -12 - -12. Let f(k) = -k + 3. Let c be f(p). Suppose c*t - 44 - 13 = 0. What is the units digit of t?
9
Let l = 34 + -32. What is the tens digit of (1 + -3 - l) + 55?
5
Suppose -2 = -2*k, 0*h + 3*h - 1 = 5*k. Suppose 5*i - 1066 = -o - 335, h*o + 582 = 4*i. What is the units digit of i?
6
Suppose -3*i + 2*g = -97, 4*g + 165 = 3*i + 2*i. Let f = 113 - i. Suppose 0 = -u + 3*x + 29, f - 23 = 4*u - x. What is the units digit of u?
4
Let h(c) = 4 - c**2 + 52*c + c**3 - 51*c + 3*c**2. Let i be h(-3). Let l(r) = -3*r + 10. What is the tens digit of l(i)?
3
Suppose a = -w - 3, -2*a = 4*w + 3 - 1. Suppose d - 19 = w*g + 25, 0 = d - 3*g - 43. What is the units digit of d?
6
Suppose -4*d = -4*a - 8344, 5*d - 10418 = -0*d + a. What is the units digit of d?
3
Let d(i) be the first derivative of i**3/3 + 2*i**2 - 6*i + 11. What is the units digit of d(6)?
4
Let o(u) = u - 1. Let v be o(3). What is the tens digit of -1 + 10 + 1 + v?
1
Let i(k) = -k**3 + 2*k**2 + 5*k - 8. Let m be i(2). What is the units digit of 4136/20*1 - m/(-10)?
7
Let i = 2627 - 1583. What is the thousands digit of i?
1
Suppose -m + s = -170, -s - 341 = -4*m + 2*m. Suppose -g = -3, 3*g + m = h + 3*h. Let w = -30 + h. What is the units digit of w?
5
Suppose 0 = -3*i + 5*i - 6. Suppose i*g - g = 28. Suppose -g = 3*u - 62. What is the units digit of u?
6
Let a be 1 - (5 + -4 + -2). Suppose 4 = -0*j + 2*j. Suppose 5*c - 42 = 6*p - j*p, -c = a*p. What is the units digit of c?
6
Let l(t) = -16 - 12 - 5 + 7*t + t**2 + 4. What is the units digit of l(-10)?
1
Let b = -76 + 141. Let r = 69 - b. What is the units digit of r?
4
Let d(f) = -f**2 + 11*f - 9. Let l = -11 - -12. Let u be (l + -15)*3/(-6). What is the units digit of d(u)?
9
Suppose 3*o - 3*l = 1353, 4*l - 784 = 5*o - 3040. Suppose -2*n = n - 3*r - 339, -4*n + o = 5*r. What is the units digit of n?
3
Let r(t) = -4*t - 3. Let x be r(-2). Suppose -x*w = f + 16, 4*f + 2*w - 5 + 15 = 0. What is the tens digit of ((-3)/f - 3) + 16?
1
Let w = 48 + -46. What is the tens digit of (w - 0) + 28 + 1?
3
Let w = -66 + 79. Suppose 0 = w*h - 312 - 2106. What is the tens digit of h?
8
Let b(g) = g**2 - 16*g + 219. What is the tens digit of b(17)?
3
Let m = -16 - -18. Suppose m*j + 2*i - 39 = j, -3*j + 117 = -2*i. What is the tens digit of j?
3
Suppose 0 = -15*f + 21*f - 5886. What is the tens digit of f?
8
Let x = 20 + 116. What is the tens digit of x?
3
Suppose -31 + 5 = 2*l. Let g = l - 2. Let h = g - -41. What is the tens digit of h?
2
Suppose -j - 83 = -862. What is the tens digit of j?
7
Let p(s) = s**3 - 4*s**2 - 2*s + 8. Let d be p(4). Suppose d*a = -3*a + 312. What is the hundreds digit of a?
1
What is the units digit of ((-205)/(-82))/(3/162)?
5
Suppose 672 = 5*c - 5*d + 232, -3*d = -c + 92. What is the tens digit of c?
8
Let o(y) = -505*y + 71. What is the hundreds digit of o(-3)?
5
Let f = 144 + 393. What is the units digit of f?
7
Suppose 5467 = 3*d + 5*t, 3*d + 1804 = 4*d - 2*t. What is the hundreds digit of d?
8
Let s = -2336 - -3295. What is the hundreds digit of s?
9
Let o(d) = -d**2 - 36*d - 42. What is the units digit of o(-21)?
3
Let j = 467 + 513. What is the units digit of j?
0
Suppose 5*o - 25 = -5*f, -2*f + 0*f - o + 13 = 0. Suppose -40 = -f*d + 480. What is the units digit of d?
5
Let b be (4 - 4)/3 + 3. Let q be ((-18)/(-6))/(b/2). What is the tens digit of (-3 - q)/((-2)/12)?
3
Let h(y) = -y**3 + 26*y**2 + 2*y - 52. Let l be h(26). Suppose -240*c + 237*c + 366 = l. What is the units digit of c?
2
Let t(k) = 1407*k**3 - 2*k**2 + 2*k. What is the hundreds digit of t(1)?
4
Suppose -y = -5*v + 24, v + 12 = 5*v. What is the units digit of (-3)/y + 238/6 + -1?
9
Suppose 4*p + 3*u = 1008 + 1428, 3*p - u - 1827 = 0. What is the hundreds digit of p?
6
Let u = -125 + 1983. What is the hundreds digit of u?
8
Suppose -3*z - 4*w = -572 - 1284, -1199 = -2*z + 5*w. What is the hundreds digit of z?
6
Let r(m) = m + 3. Let p be r(-4). Suppose 0 = 2*j + 3 + 5. What is the units digit of (-19 + p)/(j/8)?
0
Suppose 5*p = 52*c - 49*c + 5165, 3*p = -5*c + 3133. What is the tens digit of p?
3
Suppose -2*q = 5*q - 4*q. What is the hundreds digit of -87*(-6 - q - -4)?
1
Suppose 1 + 9 = 5*w. Suppose -2*j - 3*v = -v - 168, -2*v = -w. What is the units digit of j?
3
Let h = 0 - -2. Suppose -h*t - 3*s = -127, 9*s + 5 = 4*s. What is the units digit of t?
5
Suppose x - 3 - 44 = 0. Let p = 88 - x. What is the units digit of p?
1
Let x = -4 + 9. Suppose -v = -8 + 3, -x*a + 40 = 2*v. Suppose -a*y + 0*y = -102. What is the units digit of y?
7
Let v be (5 + -3 - -7)*963/(-27). Let d = -182 - v. What is the units digit of d?
9
Let c(f) = -25*f**3 - 6*f**2 + 4*f + 4. Let d be c(-5). Let l = -36 - -35. What is the tens digit of d/66 - l/6?
4
Let a(h) = 5*h + 10. Let z be a(-6). Let s be 4/(-10) + (-208)/z. Suppose -4*t = -u - 48, 2*t - 34 = -u - s. What is the tens digit of t?
1
What is the units digit of (-1863)/(-6) + 1/2?
1
Suppose 8*x - 4*x - 5*i = 37, 2*i + 46 = 4*x. Let n(r) = r**2 - 15*r + 5. Let t(g) = -g. Let k(w) = n(w) - 4*t(w). What is the units digit of k(x)?
1
Let b = 112 - 52. Let p = -13 + b. What is the units digit of p?
7
Suppose 4*w = d + 3, 8*w = -d + 5*w + 11. Let b be (-4)/(-2)*(-4 - -5). Suppose -y - 30 = -q, -2 + 41 = b*q + d*y. What is the tens digit of q?
2
Let v(r) = -15*r + 28. Let x(m) = 5*m - 9. Let l(u) = -4*v(u) - 11*x(u). What is the units digit of l(16)?
7
Let t(k) = -3*k**3 - 5*k**2 - 8*k - 23. What is the tens digit of t(-5)?
6
Let b = -1984 - -3339. What is the units digit of b?
5
Let j be -1 - (3 - -1) - -1. What is the tens digit of 2 + j + (-2 - -1) + 202?
9
Let r(o) = -o**2 - 14*o - 39. Let x be r(-10). What is the units digit of x + 123 - (1 - 1)?
4
Suppose -g - 2*p = 4 - 0, -5*g + 22 = -4*p. Suppose -6*i + g*i = -40. What is the units digit of i?
0
Suppose y - 2*v - 32 = v, 0 = -5*v. Suppose -5*z - y = -17. Let p(q) = -5*q + 7. What is the tens digit of p(z)?
2
Let q = -39 + 44. Suppose 0 = -4*c + 103 + 433. Suppose -q*s + 171 = -c. What is the tens digit of s?
6
Suppose -26*u + 23*u = 228. Let y = 72 - -34. Let q = y + u. What is the units dig